etermine y(p).
6
Let t = 339 + -173. Let n(q) = 2*q + 0*q**2 - t - q**2 + 164. Determine n(2).
-2
Let r(w) = -2*w**2 + 3*w - 1. Suppose -4*a = -3*z + 15 - 46, 0 = 3*a - z - 17. What is r(a)?
-21
Let h = -2785 - -2789. Let w(a) = -a**2 - 4*a - 5. Calculate w(h).
-37
Let w = 274 - 3287/12. Let j(m) be the third derivative of w*m**5 - 5/6*m**3 + 0 + 0*m - 1/120*m**6 - 5*m**2 - 1/12*m**4. What is j(5)?
-15
Let c(w) = -w**2 + 3*w. Let y(u) = -2*u**2 + 19*u - 19. Let d(o) = -3*c(o) + y(o). Determine d(-12).
5
Let t(h) = -h**3 + 6*h**2 - 3. Let y be (28/(-8))/((-3)/6). Suppose -6*p = -y*p + 7. Suppose 5*b - 37 = -p. Calculate t(b).
-3
Let d(v) = 11*v**2 + 2*v + 1. Let a be (10 + -5)*8/10. Suppose -4 = -a*l, b + 6*l - 2*l - 11 = 0. Let m = 6 - b. Give d(m).
10
Let v(k) be the first derivative of -k**2 - 1/12*k**4 - 3 + 2*k - 5/6*k**3. Let x(t) be the first derivative of v(t). Calculate x(-6).
-8
Let u(w) = 2 + 3*w + 3*w - 3*w - 2*w. Let z be u(-2). Let r(d) = -d + 1. What is r(z)?
1
Suppose 4 - 40 = -6*w. Let f(s) = -6*s**2 + 3 - 38*s**3 + 5 + 18*s**3 + 21*s**3. What is f(w)?
8
Let v(a) = a**2 + 2*a - 121. Let i be v(10). Let n(p) = -p. Give n(i).
1
Let t(l) = -5*l - 1. Let g(z) = 14*z + 4. Let a(m) = -g(m) - 3*t(m). Let f(u) = -6 + 3 - 7 - u. Let k be f(-9). Give a(k).
-2
Let j(u) = -2 - 4*u**2 + 0 - 10*u**3 - 5*u**3 + 16*u**3 + 2*u. Determine j(2).
-6
Let v(o) = -o**2 + o - 2. Suppose 3*i - 274 = -2*l, 5*i + 4*l - 61 = 397. Let w = -88 + i. Determine v(w).
-4
Let i(v) = -4*v - 1. Let x(c) be the first derivative of 9*c**2/2 + c - 21. Let o(y) = -5*i(y) - 2*x(y). Calculate o(5).
13
Let w(m) = 5*m**3 - 2*m**2 + 2*m + 1. Let s(y) = -10*y**3 + 3*y**2 - 3*y - 2. Let r(p) = 4*s(p) + 7*w(p). Suppose 5*x - 5 + 0 = 0. Give r(x).
-6
Let q(m) = -m**2 - 4*m + 4. Let i(l) be the first derivative of -l**4/4 + 4*l**3/3 - l**2 + 4*l + 23. Let s be i(4). Determine q(s).
4
Let j(b) be the first derivative of 3274*b + 5 + 0*b**2 - 3269*b + 3*b**2. What is j(-5)?
-25
Suppose 2*u = j + 11, -2*u = -2*j - 25 + 9. Let z(m) = -2*m**2 - 4*m + 11. Determine z(j).
-19
Let n be 1*(1 + (-2)/(-2)). Suppose 4*g - 22 = -n*p + 3*p, -p + 2 = 0. Let h(m) = -6*m + 3*m - 5*m**2 - m + m**3 + 0*m - 7. Calculate h(g).
5
Let m(b) be the second derivative of b**5/20 - b**4/6 - 2*b**3 - b**2 - 79*b - 4. Calculate m(5).
13
Let f be (3 + -3 - -2) + 3. Suppose -k + f = 0, 2*t + 3*k = -k + 12. Let m(j) = -2*j - 3. Calculate m(t).
5
Let z(n) be the second derivative of 0 + n**2 + 10*n + 1/6*n**3. Let c(f) = f**3 - 5*f**2 + 5*f - 2. Let b be c(4). Calculate z(b).
4
Let u(i) = -17*i - 18*i - 7 + 34*i. Let d(f) = 3*f + 2. Let l be d(-5). Let w be u(l). Let a(p) = -p**2 + 6*p + 2. Determine a(w).
2
Let a(v) be the second derivative of -v**4/6 - v**3/3 - 18*v - 2. Let f be 4*(1 - 1/2). Suppose 3*n - 12 = 3*u, f*u - n - 4*n = -11. Give a(u).
-12
Let v(x) = x**2 - 3*x. Let d(w) = w**2 + 14 - 2*w - 2*w**2 - 12 + w**3. Let l be d(2). Give v(l).
-2
Suppose -q - q + 178 = 5*v, 177 = 5*v + 3*q. Let y = -36 + v. Let i(l) = -l**2 + 2*l**2 + 2*l - l. What is i(y)?
0
Let a(y) = -y**2 + y + 2. Let p = 60 + -60. Suppose p = 19*c - 24*c. What is a(c)?
2
Let u(s) be the second derivative of s**7/840 - s**6/90 - s**5/20 - s**4/6 - s**3/2 + 15*s. Let c(y) be the second derivative of u(y). Give c(5).
-9
Let l(n) = 2*n**2 - 15*n - 19. Suppose 4*o - 5*x - 21 = 0, -5*o - 108*x + 103*x = -60. Determine l(o).
8
Let f(j) = -10. Let q(v) = 7*v - 41. Let k(n) = 4*f(n) - q(n). Give k(0).
1
Let p(s) = 9*s + 1. Let t(b) = -21*b - 2. Let q(g) = 5*p(g) + 2*t(g). Give q(-4).
-11
Let i be (-1*(-7)/(-21))/((-2)/18). Let s(d) = 0 + 1 - i*d - 3 + 3. Suppose 5*l - 1 = -3*o + 13, 4*o - 12 = -5*l. What is s(o)?
7
Let a(m) = -m**2 - m. Let f be (-1)/4*2*6. Let v(p) = -4*p**2 + 3*p + 3. Let l(u) = f*a(u) + v(u). Calculate l(5).
8
Suppose 0 = 18*r - 13*r + 15. Let c(y) = 2*y - 1. Give c(r).
-7
Let b(p) = p**3 - 3*p**2 + 3*p + 2. Let u(d) = -3*d + 30. Let w be u(9). Suppose w*t - 24 = -5*x, -9 = 2*t - 5*t. Give b(x).
11
Let v(b) = -32 - 32 + b + 126 - 28 - 29. Let p be -2*1*(-7)/2. Determine v(p).
12
Let u(s) = s**3 + 16*s**2 - 19*s - 31. Let a = 193 + -210. Calculate u(a).
3
Let t(f) = 3*f + 3*f - 13 + 9*f - 18*f. Give t(-7).
8
Let m = -66 + 68. Let h(n) = -3 + 5*n - 15*n**2 + 4*n**m + 6*n**2 + n**3 - n**2. Determine h(5).
-3
Let o(v) = 49*v**3 - 97*v**3 - 6 + 5*v + 44*v**3 - 10*v**2. Let b(l) = 5*l**3 + 11*l**2 - 6*l + 7. Let q(a) = 5*b(a) + 6*o(a). Calculate q(3).
-19
Let a(t) = t**2 + 8*t + 5. Let j be (-1 + 0 + 0)*(-130)/26. Let x be (-1)/((-1)/(-3)*-1). Suppose 27 = -m - x*z - 2*z, -j*m - 43 = 2*z. Determine a(m).
-2
Let x(u) = 8*u - 3. Let k = -148 - -151. Determine x(k).
21
Let v(n) be the third derivative of -n**5/60 + n**3/6 + 7*n**2. Let w(h) = h**3 + 7*h**2 + 4*h - 1. Let t(o) = -4*v(o) - w(o). Give t(-2).
1
Let a(g) = g**3 + 2*g**2 - 3*g - 3. Let y(f) = f**2 + f + 11. Let m be y(5). Let j = m + -43. Give a(j).
3
Let d(p) be the second derivative of -p**4/12 + p**3/3 - p**2/2 - 2*p + 3. What is d(-2)?
-9
Let z be -3*((-5)/(-30))/((-2)/(-40)). Let y(a) = -a**2 - 10*a + 6. What is y(z)?
6
Let m = -110 - -104. Let h = 11 + m. Let v(x) = -x + 7. Calculate v(h).
2
Let s be (-8 - 75/(-9))*12. Let c(z) = -z**3 + 6*z**2 - 6*z + 1. Determine c(s).
9
Let x(t) = -6*t + 1. Suppose -3*z = -2*w + 32, 5*w - 3 = -2*z + 1. Let q be 4/z*2*-1. Suppose -2*r + 3*r = -q. What is x(r)?
7
Let b(k) = -k + 1. Let c(f) = -f**2 + 10*f - 6. Let n be c(5). Suppose 14*d = n*d - 100. Let v = d + -14. Give b(v).
-5
Let k = -9 + 17. Let q be ((-12)/k)/((-6)/16). Let i(g) = -2 - g + 3 + q*g. Give i(-2).
-5
Let z(k) be the first derivative of 3*k**2 - 2*k - 159. Give z(-3).
-20
Suppose 3*n + 3 = 5*x - x, 0 = -x + 5*n - 12. Let m(j) be the first derivative of -j**4/4 + 2*j**3/3 + 5*j**2/2 - 4*j - 53. Give m(x).
2
Let i(f) = 664*f**2 - 5 - 335*f**2 - 330*f**2 + 2*f. Give i(0).
-5
Let q be -1 - (65/52)/(1/(-4)). Suppose q*m = 5*u + 21, -36 = -7*m + 2*m + 3*u. Let d(c) = c**2 - 10*c + 8. Determine d(m).
-1
Let h(b) be the second derivative of b**4/12 + 5*b**3/6 + 5*b**2/2 - b. Suppose 7313*l = 7320*l + 35. Determine h(l).
5
Let d(j) = -64*j + 60. Let i(l) = -13*l + 12. Let a(b) = -5*d(b) + 24*i(b). Let w be a(1). Let s(p) = 3*p + 1. Calculate s(w).
-11
Let y(d) = 16*d**2 + 5*d + 2. Suppose 8*b + 36 = 4*b. Let g(q) = 8*q**2 + 2*q + 1. Let a(t) = b*g(t) + 4*y(t). Suppose n - 5 = -4. Determine a(n).
-7
Let r(s) = -s**2 - 2*s + 2. Let j(c) = 2*c**2 + c - 4. Let y be j(-4). Suppose 0*h - y = 6*h. Give r(h).
-6
Suppose -81 = -8*l - 57. Let w(v) be the first derivative of -v**2 + v + 14 + 10/3*v**l. Give w(1).
9
Let t(z) = -z**3 + 6*z**2 + 7*z - 1. Let d be t(7). Let v(r) be the first derivative of 2 + 5/2*r**2 - r. Calculate v(d).
-6
Let u(c) = 1034 + 3*c - 519 + 4*c**2 - 517. What is u(-2)?
8
Let h be (2 + 1)*8/(-3). Let y(z) = -z**2 - 7*z - 1. Determine y(h).
-9
Let m(f) be the second derivative of 0 - 1/6*f**4 + 3*f + 1/10*f**5 - f**2 + 1/2*f**3. Determine m(2).
12
Let z(y) = y**2 - 12 - 7*y**3 + 13 - 6*y + 10*y**2. Suppose -2*n - 7 = 5. Let m(w) = -8*w**3 + 12*w**2 - 7*w + 2. Let g(q) = n*m(q) + 7*z(q). Calculate g(4).
11
Let b(i) = -3*i - 2. Let v(y) = -1. Let h(x) = b(x) + 6*v(x). Let l be h(-8). Let m be (l/20)/((-4)/30). Let c(a) = a**3 + 6*a**2 + 3*a + 9. Calculate c(m).
-9
Let u(x) be the first derivative of x**4/2 - 11*x**3/3 + 4*x**2 - 4*x + 804. What is u(5)?
11
Let j(k) = 2*k**2 - 51*k + 22. Let x be j(25). Let p(c) be the first derivative of 2 + 4*c - 1/3*c**3 - c**2. What is p(x)?
1
Let n(g) be the second derivative of -g**3/6 + 2*g**2 - 13*g. Suppose 2*q + 15*q = -51. Determine n(q).
7
Let l(q) be the first derivative of q**3/3 - 15*q**2/2 + 36*q + 105. Calculate l(11).
-8
Let b(j) = 4*j**2 + 5*j + 9. Let r(o) = -1 + 4 + 2*o**2 - o**2 + 2*o. Let k = -43 - -41. Let w(y) = k*b(y) + 7*r(y). Determine w(-2).
-9
Let o(k) = -k**3 - 8*k**2 + 7*k - 7. Let v be o(-8). Let i = 71 + v. Let y(z) = -z**2 + 7*z - 3. What is y(i)?
-11
Let m(g) = -7*g**3 - g**2 - g + 2. Let w = -600 + 601. Determine m(w).
-7
Let s(g) = -2 + 10*g - 13*g - 1. Determine s(5).
-18
Let q(b) = 2*b**3 - 19*b**2 - 3*b + 15. Let c(i) = -i**3 + 9*i**2 + i - 7. Let k = 18 - 14. Let j(t) = k*q(t) + 9